 - 7. Let j(x) = -4*x**2 - 7. Let t(a) = -3*g(a) + 2*j(a). Let r be t(5). Suppose 0 = b - r - 102. Is b composite?
True
Suppose -b + 2 = -t - 0, 2*b - 4 = 0. Let y(p) = -p**2 + 127. Is y(t) a prime number?
True
Let c = 1145 + 692. Is c a prime number?
False
Let b = 230 - 124. Let n = b + 4. Suppose m = 6*m - n. Is m a composite number?
True
Let p(h) = -h**3 - 9*h**2 + 9*h - 6. Let q be p(-10). Suppose -5*l + 28 = -3*j, -2*l = -9 - 1. Is 4/(q + -2) - j a prime number?
True
Let r(y) = y**3 + 10*y**2 + 4. Let d be r(-10). Let q(g) = g**3 + g**2 + 2*g - 1. Is q(d) composite?
True
Suppose i - 4*i = -240. Suppose -3*k - k - i = 0. Let r = 33 + k. Is r composite?
False
Let p(a) = -a - 6. Let l be p(-11). Let h(b) = b**3 - 6*b - 7. Let n be h(l). Suppose 4*s + n = 8*s. Is s composite?
True
Let h(l) = l**2 - 7*l - 8. Let y be h(8). Suppose y = 2*p + 3*q + 178, 5*q = q. Let z = p + 124. Is z a composite number?
True
Suppose i - b + 5*b = 467, -4*b = 3*i - 1369. Is i composite?
True
Let m = 1453 - 398. Is m a prime number?
False
Suppose 0*l + 2*n = l - 204, 4*l + 5*n = 881. Let b = l + -120. Is b a composite number?
True
Suppose 206 = 2*c - 4*z, 0 = 5*c - 10*c + 2*z + 491. Is c a composite number?
False
Let h be (-27)/5 - (-8)/20. Let q(r) = -3*r**3 + r**2 + 5*r - 2. Is q(h) prime?
True
Let b be (2796/(-24))/((-1)/2). Let v = b + -124. Is v composite?
False
Is (4 + 5015/(-15))*-3 prime?
True
Suppose 8*f - 11*f = -2787. Is f prime?
True
Let k = -1159 - -3060. Is k a composite number?
False
Suppose 2*l - 4703 = -5*o, 3*l = 7*l + o - 9433. Is l composite?
True
Suppose 5*r - 2*l + 4*l + 23 = 0, 4*l = -3*r - 25. Let u(g) = g**2 + 3*g - 5. Let v(n) = 3*n - 6. Let t(y) = 5*u(y) - 4*v(y). Is t(r) a prime number?
False
Let y = -1110 - 36. Is (y/(-9))/(8/12) composite?
False
Suppose -2*u + 0*y = -2*y - 1916, -2*y = -4*u + 3826. Is u composite?
True
Let r(t) = 9*t**2 + 5*t + 1. Let c(z) = -4*z**2 - 2*z. Let q(b) = -7*c(b) - 3*r(b). Let m be 21/(-2)*4/6. Is q(m) a prime number?
True
Let o be (-2 - (-3 - 0)) + 11. Let x(t) = -4*t - 25. Let b(v) = -3*v - 25. Let u(r) = -5*b(r) + 4*x(r). Is u(o) prime?
True
Let t(u) = 683*u + 4. Is t(3) a composite number?
False
Suppose -4*a - 7 = -5*f, -5*a - 15 = 2*f + 2. Suppose 575 = u + 4110. Is u/(-28) - a/4 a prime number?
True
Let b be (12/(-16))/((-2)/8). Let m(q) = 3*q**2 + 4*q. Is m(b) composite?
True
Let j(a) = 5*a**3 + a**2. Let s be j(1). Suppose -s = -3*h + h. Suppose k + h*k - 220 = 0. Is k a composite number?
True
Let y = 8 - 14. Let f be (-54)/(-4)*(-8)/y. Suppose -f - 59 = -r. Is r prime?
False
Suppose 0*v - 4*f - 5 = v, -5*f + 83 = -3*v. Let g = 100 + v. Is g a composite number?
False
Let a be 2/((-7)/((-63)/6)). Suppose s - 580 = -a*s + 3*r, -s + 145 = 3*r. Is s composite?
True
Let i be (-1 + -59)*(-30)/(-10). Let a = i + 277. Is a composite?
False
Let h(t) = -2*t + 1. Let x = 6 - 4. Suppose -9 = -x*q + 4*d - 3, 3*d = q - 8. Is h(q) a prime number?
False
Let c be 59 - (27/(-3))/(-3). Is ((-55)/(-20))/(2/c) a prime number?
False
Let y be (-8 - -7) + (-6)/(-2). Let o be (-2 - -3)/(y/226). Suppose -2*v = -o + 19. Is v a prime number?
True
Let x(m) = 5*m**2 - m + 3. Is x(4) prime?
True
Let l(y) = y**2 - y - 11. Suppose -2*r - 30 = -5*r. Is l(r) composite?
False
Let j(w) = 2*w + 27*w**2 + 3 + 2*w + 24*w**2 - w. Is j(-2) composite?
True
Suppose x - 35 = -4*x. Suppose -l + 45 = x. Is (-2 - l/4)*-4 a composite number?
True
Let f(n) = 10*n - 21. Is f(11) prime?
True
Suppose 5*k = -4 - 6. Let w be k/(-8) + 50/(-8). Is (-3)/w*(1 + 129) composite?
True
Let w = -138 - -1302. Suppose -w = -u - 2*u. Suppose 0 = 2*s + 3*s - 3*k - u, -80 = -s + 3*k. Is s a composite number?
True
Suppose 3*p = s - 3*s + 14, -6 = 3*s. Is p composite?
True
Let m(w) = w**3 - 8*w**2 + 2*w + 3. Is m(10) a prime number?
True
Let n be (-4)/(-18) - 25/(-9). Let d(u) = 5 - 3 + 10*u - n. Is d(1) a composite number?
True
Suppose 14*s - 15*s = 1. Let i(l) = -389*l**3 + l**2 + 2*l + 1. Is i(s) a prime number?
True
Suppose t = -3*i + 262, 6*i - 516 = -2*t + 2*i. Suppose -5*n - 7*x + t = -3*x, 5*x = 25. Is n prime?
False
Let u(o) = -o**3 - 6*o**2 - o - 1. Let t(k) = -2*k + 5. Let i be t(5). Let q be u(i). Let p = -11 - q. Is p a composite number?
True
Is (-12705)/(-49) - (-2)/(-7) composite?
True
Suppose 0 = -w - 1. Is ((-3)/2)/w*26 a prime number?
False
Let k(z) = 115*z + 20. Let m(l) = -23*l - 4. Let w(j) = -2*k(j) - 11*m(j). Is w(5) a composite number?
True
Let n(x) = 31*x + 17. Is n(12) a composite number?
False
Let m(f) = f**3 - 4*f**2 + 3*f. Let x be m(3). Let n(w) = -9 + x + 4*w + 5*w**2 + 3*w**2 - w**3. Is n(8) a prime number?
True
Let z(x) be the second derivative of -x**5/20 - 5*x**4/12 + 7*x**3/6 - 2*x**2 + 2*x. Let w be z(-6). Let b = w - -99. Is b a composite number?
False
Let c(u) be the third derivative of u**5/30 + u**4/4 + u**3/6 - 8*u**2. Let p(k) = -6*k**3 + k**2 - k + 1. Let x be p(1). Is c(x) prime?
False
Let p = 164 - -403. Suppose -2*r - 121 = -p. Is r a prime number?
True
Suppose -10*h + 13039 = 3*h. Is h composite?
True
Suppose -2*s - 3*s = -5*o - 6240, 0 = 5*s + 3*o - 6280. Is s a composite number?
True
Suppose 3*p = 0, 0*w - 2*p - 762 = 3*w. Let r = w - -573. Is r a composite number?
True
Suppose 0 = -9*l + 6*l + 3423. Is l a composite number?
True
Is 1345 - 4 - -5 - 3 prime?
False
Suppose t - 5 = 2*t. Let f be 2 + t/(-2)*-4. Let c(j) = 2*j**2 + 11*j - 5. Is c(f) a prime number?
False
Let w(p) = p**2 - 6*p + 5. Let m be w(5). Let x(l) = -l**2 + l + 53. Is x(m) prime?
True
Is -2 + 329 - (-12)/3 a composite number?
False
Let c = 11 - 8. Suppose -c*k + 2*k + 95 = 0. Is k a composite number?
True
Suppose 0 = -4*m - 2*w - 2*w + 932, w = -4. Is m composite?
True
Suppose -15200 = -3*s + 5989. Is s prime?
False
Let g = -85 + 193. Let a = 197 - g. Is a a prime number?
True
Suppose 5*n - 2*g - 16 = 0, g - 4 = 4*n + 5*g. Let f(a) = -4*a**3 + 2*a - 3. Let h(u) = -5*u**3 + 2*u - 3. Let y(j) = -4*f(j) + 3*h(j). Is y(n) prime?
True
Let y = -4 + 0. Let u be y/(-10) - (-26)/10. Suppose -3*l = u, -p + 7 = 4*l - 28. Is p prime?
False
Let h = -32 + 297. Is h prime?
False
Let o(r) = 77*r**2 - r - 1. Let v = -5 + 7. Suppose -1 + 3 = -v*d. Is o(d) composite?
True
Suppose 4*r - 4*i - 20 = -8, 4*r - 24 = i. Is r a composite number?
False
Suppose 0 = -0*s - 3*s - o + 482, -2*o = 3*s - 481. Let b = s - 82. Is b a composite number?
False
Suppose 0 = -0*s - s + 3. Suppose h + 4*d + d = -10, -42 = -3*h + s*d. Suppose 27 = o - h. Is o prime?
True
Let f(o) = 3*o - 1 - 4*o + 23. Let i be f(10). Suppose -2*s = -32 + i. Is s prime?
False
Let v = -141 - -332. Is v composite?
False
Let d be 2/(-1) + (31 - -5). Let n = d - -12. Is n a composite number?
True
Let f(u) = -u**2 - u - 4. Let w(r) = -r**2 - 3. Let p(h) = 3*f(h) - 4*w(h). Let d be p(3). Is (39 - 0) + d/(-1) a prime number?
False
Let c(m) = 8*m + 14. Let b(v) = 0 + 1 + 4*v + 6. Let n(w) = -5*b(w) + 2*c(w). Is n(-5) a composite number?
False
Let j be ((-176)/12)/((-2)/(-18)). Let l = 261 + j. Is l a prime number?
False
Suppose 4*f - 17056 = -4*x - 2204, 2*f - 7406 = 3*x. Is f a prime number?
True
Let o be (-6)/(-4)*(186 - 6). Suppose -o = -3*n + t, 106 - 9 = n + 2*t. Is n a composite number?
True
Suppose -2*g - 2*g = -3*s, -s = -2*g - 2. Is g*(-1 - (-232)/(-6)) composite?
True
Let c(m) = 318*m - 1. Is c(1) a composite number?
False
Suppose 2*l - 4*l - 574 = 0. Let c = l - -594. Is c a composite number?
False
Is ((-1 - -4) + 10)/1 composite?
False
Suppose -3*x = 4*t - 892, -669 = -5*t + 2*t + x. Is t prime?
True
Let l(z) = -18*z**2 - 2. Let o be l(-2). Is (30/(-12))/(1/o) composite?
True
Let n(g) = 130*g**2 + 1. Let k = 0 - -1. Is n(k) composite?
False
Let i = 8 + -5. Suppose a = -5*o - 5, i*a - 3*o - 11 = 46. Is a prime?
False
Let m(r) = -r**3 - 7*r**2 - 3*r + 1. Let a be -5 + ((-6)/(-3))/(-1). Is m(a) composite?
True
Let n(u) = u**2 + 5*u. Let b be n(-5). Let s(a) = -35*a - 5. Let c be s(-6). Suppose 2*l = -3*j + c, 5*j + b*l - 343 = -2*l. Is j prime?
False
Suppose 1093 = q + 3*q - 5*j, q + 3*j - 252 = 0. Is q a prime number?
False
Suppose 2*a + g = 82 + 9, 5*a - 225 = -5*g. Is a composite?
True
Let t = -3 - 0. Let v(z) = 11*z - 27*z - 1 + 4. Is v(t) a prime number?
False
Let w = -8844 - -18597. Is w a composit